-8)*p*-2. What is the greatest common divisor of 4 and k?
2
Suppose -12 = -3*y - n, 0 = n + 1 + 2. Let w(l) = -l**3 + 13*l**2 - 16*l - 1. Let x be w(11). What is the greatest common factor of x and y?
5
Suppose 105*o + 2 = 106*o, -2234 = -4*w + 5*o. Calculate the greatest common divisor of 198 and w.
33
Suppose -55*p + 9 = -54*p. Suppose -p*r - 5*r = -210. What is the greatest common factor of r and 10?
5
Let a = 2033 + -1007. What is the greatest common divisor of a and 54?
54
Suppose -13*f = -25 - 274. What is the greatest common divisor of f and 161?
23
Let j = -4 + 11. Let w(b) = -5*b + 59. Let v be w(-28). Suppose 0 = -3*m + 4*x + 145 + 36, 0 = -3*m - 5*x + v. What is the greatest common divisor of m and j?
7
Suppose 49 = -6*c + 31. Let w(z) be the first derivative of 2*z**3/3 + 3*z**2/2 + 3*z - 1. Let h be w(c). Calculate the highest common divisor of h and 12.
12
Let u be (2 - 0 - 2)/2. Suppose u = -3*f + 18 + 21. Let r(a) = a**3 - 12*a**2 + 4*a - 14. Let q be r(f). Calculate the greatest common divisor of 23 and q.
23
Suppose z = -s + 17, -4*s + 25*z - 27*z + 54 = 0. Suppose w = 3*w - 4*k, 3 = 3*k. Calculate the highest common divisor of w and s.
2
Let r(k) = k**3 + 3*k**2 + 3. Let l be r(-3). Suppose 11 = -0*c + 11*c. What is the highest common divisor of c and l?
1
Let y = -298 + 300. What is the greatest common divisor of y and 20?
2
Let i be (-2 - 20/(-12))/(3/(-27)). Suppose -j + 3*s = 2*j - 324, -i*s = 9. What is the greatest common factor of 35 and j?
35
Let k(u) = 2*u**3 - 2*u**2 + 6*u + 19. Let i be k(6). Let b = 595 - i. Calculate the highest common factor of b and 10.
10
Let k(l) = 2*l + 6. Let c be k(-4). Let b be (-98)/c - 3/3. What is the greatest common factor of 72 and b?
24
Let l(s) = 127*s - 2. Let c be -4 - 7/((-14)/12). Let h be l(c). Suppose -2*p - p = -h. Calculate the highest common factor of p and 12.
12
Let x be (-1 - 3/15)*(-2 - 3). Suppose 60 + 54 = x*b. What is the greatest common factor of b and 152?
19
Suppose 4*d + 40 = 920. Let r be 700/24 + -9 - 2/12. Calculate the highest common divisor of d and r.
20
Let z(w) = w**2 - 5*w - 51. Let n be z(12). Calculate the highest common divisor of n and 132.
33
Suppose 0 = -2*h - 4*w + 6, h + h = 3*w + 34. Let i(z) = -z**2 + 0*z**2 + 7 - h*z - 13. Let f be i(-6). Calculate the greatest common factor of 6 and f.
6
Let h = -101 - -68. Let y(f) = 2*f**2 + f. Let z be y(1). Let u be 2/(z - (-93)/h). What is the greatest common divisor of u and 33?
11
Let x(b) = 2*b**2 - 18. Let v be x(-5). Let t be (1 + -2 + 16)*v/3. Calculate the greatest common divisor of t and 20.
20
Suppose -5*b + q = -19, -2*b + 0*q - 6 = 3*q. Suppose -b*t + 4*c = t - 164, 3*c + 159 = 4*t. Let r = -14 + t. Calculate the highest common divisor of 22 and r.
22
Let z(h) = -2*h**3 + 7*h**2 - 3*h - 8. Let f be z(4). Let b be (f/(-21))/1*(-126)/(-4). Calculate the greatest common factor of 18 and b.
18
Let f(v) = 9*v + 1. Let r be f(1). Suppose -i + 3*p = 5*p - 42, 4*p + 166 = 3*i. Calculate the greatest common factor of r and i.
10
Let c = -24 + -4. Let g be 35/2*(-32)/(-10). Let f = g + c. What is the highest common factor of 28 and f?
28
Let r be 350/42*(3 - 0). Let u(v) = 2*v**3 - 59*v**2 + 28*v + 34. Let j be u(29). Calculate the highest common factor of j and r.
5
Let t(w) = -6 + 0*w**2 - 3*w + 6*w**2 + 6*w - 5*w**2. Let s be t(-5). Let k be (s + -2)/(6/57). What is the greatest common factor of k and 19?
19
Let b(a) = -a**2 + 10*a - 15. Suppose -9*o + 5*o + 20 = 0. Let x be b(o). Calculate the highest common divisor of x and 5.
5
Let t(c) = -24*c + 270. Let r be t(11). Calculate the highest common divisor of r and 171.
3
Suppose -25 = 4*i + i, q - 5*i = 42. Let l = q + -16. What is the highest common divisor of l and 5?
1
Suppose 74 = -2*g + p - 35, 5*g - 3*p + 275 = 0. Let i = g + 73. Suppose -s + 17 = -i. What is the highest common factor of s and 95?
19
Suppose 4*s = -5*p + 126, -2*p - 3*s = -0*s - 49. Let u = 15 - p. Let r = u + 19. What is the highest common factor of 48 and r?
8
Suppose 801*m = 812*m - 176. Suppose 4*g = l - 13, l - g = -4 + 5. Let t be (0 - 15)/(l/16). Calculate the greatest common factor of t and m.
16
Suppose 5*d = -1 + 36. Let b(n) = -6*n + 1 + 5 + n - d. Let a be b(-3). What is the highest common divisor of 154 and a?
14
Suppose -149*w = -134*w - 2970. Calculate the greatest common divisor of 462 and w.
66
Let k(b) = 39*b - 240. Let n be k(7). Calculate the highest common factor of n and 418.
11
Let i = 61 - 77. Suppose -5 = -4*q - 1. Let o = q - i. What is the greatest common divisor of 17 and o?
17
Let o = -68 - -58. Let t be (24/o)/((-4)/40). Calculate the highest common factor of 168 and t.
24
Let g(k) = 6*k**2 + 11*k - 15. Let x be g(4). Calculate the greatest common factor of 200 and x.
25
Suppose 5*y + 4*n = 1015, 3*y = 2*n + 718 - 109. What is the highest common divisor of 7 and y?
7
Let k be (-4 + 2 - -2)/(-1). Suppose 4*v - 13*v + 2376 = k. Calculate the greatest common divisor of 33 and v.
33
Let n be 13 - 1*(-1 + 0). Let x be (-60)/4 - (0 - -1). Let s be x/(-12) - 916/(-6). What is the highest common divisor of n and s?
14
Let u be 2/7 - 19/(-7). Let r = 47 - 76. Let v = -17 - r. Calculate the greatest common divisor of u and v.
3
Suppose c - 8 = d + 4*c, 0 = 4*d - 2*c - 38. What is the highest common divisor of 245 and d?
7
Suppose -160 = -4*o - a - a, -2*a = o - 40. What is the highest common factor of o and 5?
5
Suppose 4*p - 41 = 19. Calculate the highest common factor of p and 135.
15
Let u(r) = 5*r - 16. Suppose -s - 3*s - 40 = -4*m, 0 = 2*s + 8. Let k be u(m). Calculate the highest common factor of k and 56.
14
Let j = 59 + -62. Let z be 212/5 + j - (-3)/5. Calculate the greatest common divisor of 280 and z.
40
Suppose 3*k - 51 - 204 = -3*o, -410 = -5*o - 2*k. What is the highest common factor of 464 and o?
16
Suppose -v = 4*v. Suppose 27*r - 30*r + 42 = v. Let c be ((-27)/(-6))/(3/28). What is the highest common divisor of r and c?
14
Let j = 1027 - 867. Calculate the greatest common factor of j and 15.
5
Suppose 63 = 24*j - 153. Let w be 1/(0 - 1/(-3)). Calculate the greatest common factor of w and j.
3
Suppose -3*b - 3*x = -6876, -2*b + 1456 = -4*x - 3146. What is the highest common factor of 17 and b?
17
Suppose -a - 168 + 214 = 0. What is the greatest common factor of 437 and a?
23
Suppose 16*r - 4106 - 2950 = 0. What is the greatest common divisor of 9 and r?
9
Suppose 52*h - 899 = 21*h. Let r = -69 + 98. What is the highest common divisor of h and r?
29
Let m be (-8 - (-204)/24)*4750. Calculate the highest common factor of 19 and m.
19
Let p(j) = j**3 + 23*j**2 - 27*j - 40. Let d be p(-24). What is the greatest common factor of 3 and d?
1
Let d(f) = 9 - 10 + f**3 + 9*f**2 - 8 + 9*f. Let i be d(-7). What is the greatest common divisor of i and 13?
13
Let z be (-34)/((-16)/(-12)*6/(-148)). What is the highest common factor of 17 and z?
17
Let i(q) = q**2 + 3*q + 2. Let d be i(-5). Let j be 61 - (-3)/d*-4. Calculate the highest common divisor of 30 and j.
30
Suppose -u = 5*g - 26, 0 = -4*g + 20 - 4. Calculate the greatest common factor of u and 66.
6
Let r(v) = -v**2 - 43*v - 436. Let w be r(-17). Suppose -3*c + 41 = -j, -3*c + 31 = j - 0*j. Calculate the highest common factor of c and w.
6
Let p(q) = -q**2 + 14*q - 47. Let k be p(6). What is the highest common factor of 47 and k?
1
Suppose -1407 = -4*g - 475. Let f = g + -98. Let b = -218 + 233. Calculate the highest common divisor of f and b.
15
Suppose -10*k + 457 = 37. What is the highest common divisor of 21 and k?
21
Let m(f) = -f**3 - 12*f**2 - 16*f - 19. Suppose 66 = -8*q + 2*q. Let z be m(q). What is the highest common divisor of 9 and z?
9
Let p be (-3)/(-1 + 22/24). Suppose 3*v - 70 = 8*v. Let d be ((-12)/v)/(3/42). What is the highest common factor of d and p?
12
Suppose 3*b = -b + 288. Suppose -5*d - 194 + 234 = 0. What is the greatest common factor of d and b?
8
Suppose -22*l + 37*l - 900 = 0. Calculate the greatest common divisor of l and 450.
30
Suppose -5*a + 57 + 88 = 0. Suppose 9*n = 2*n + 35. Suppose 417 - 1432 = -n*t. Calculate the greatest common divisor of t and a.
29
Let g = -497 - -601. Calculate the highest common divisor of 468 and g.
52
Let s(a) = 9*a**2 - 6*a + 3.